the greatest common divisor of 62244 and 2184?
1092
Calculate the highest common factor of 3799 and 86329.
131
Calculate the highest common factor of 93 and 10757.
31
Calculate the highest common divisor of 2 and 345938.
2
What is the greatest common divisor of 363272 and 1144?
104
What is the greatest common factor of 9746 and 31526?
22
Calculate the highest common divisor of 1453532 and 164.
164
Calculate the highest common factor of 9765 and 22995.
315
What is the highest common divisor of 77140 and 168?
28
What is the highest common factor of 571347 and 54?
27
Calculate the greatest common divisor of 8724 and 6924.
12
What is the highest common divisor of 24 and 27904?
8
Calculate the highest common factor of 2184272 and 4220.
844
Calculate the highest common factor of 28 and 48195.
7
Calculate the greatest common divisor of 328 and 904.
8
Calculate the greatest common factor of 1457 and 3431.
47
What is the greatest common factor of 659571 and 3795?
759
Calculate the highest common divisor of 2260 and 10340.
20
What is the highest common factor of 7 and 95313?
1
What is the greatest common factor of 8398 and 170?
34
Calculate the highest common factor of 2583 and 4473.
63
What is the greatest common factor of 285 and 7296?
57
Calculate the greatest common factor of 1079 and 221029.
83
Calculate the greatest common factor of 1316 and 1372.
28
Calculate the greatest common factor of 225504 and 2376.
216
Calculate the highest common divisor of 814 and 19462.
74
What is the greatest common factor of 71272 and 944?
472
Calculate the greatest common factor of 1536 and 384.
384
What is the greatest common divisor of 8370 and 6210?
270
Calculate the highest common divisor of 9424 and 216.
8
Calculate the greatest common factor of 522 and 6069381.
87
Calculate the highest common factor of 7081 and 219.
73
Calculate the highest common factor of 47736 and 208.
104
What is the greatest common divisor of 2987 and 113303?
29
What is the greatest common factor of 39968 and 928?
32
Calculate the greatest common factor of 1170 and 295.
5
Calculate the greatest common divisor of 2277 and 333707.
253
Calculate the greatest common factor of 2605 and 2595.
5
Calculate the highest common divisor of 3164 and 6956054.
1582
What is the highest common divisor of 72 and 57762?
18
Calculate the greatest common factor of 26105 and 227.
227
What is the greatest common factor of 3287 and 5111?
19
What is the highest common divisor of 279 and 930837?
93
Calculate the greatest common factor of 6878 and 10860.
362
Calculate the greatest common divisor of 52 and 956.
4
What is the highest common factor of 23859 and 51579?
99
Calculate the greatest common divisor of 249 and 642586.
83
What is the greatest common divisor of 9655 and 620?
5
What is the highest common divisor of 5730 and 390?
30
Calculate the greatest common divisor of 88 and 103212.
4
Calculate the highest common factor of 34578 and 4318.
34
Calculate the greatest common factor of 198 and 25014.
66
Calculate the highest common divisor of 715 and 196075.
55
Calculate the greatest common factor of 51145 and 31800.
265
What is the greatest common divisor of 117 and 802116?
9
Calculate the greatest common divisor of 20 and 1197730.
10
What is the highest common divisor of 100 and 176?
4
Calculate the highest common factor of 5 and 26107.
1
What is the greatest common divisor of 6281 and 2409?
11
What is the highest common factor of 2624 and 232?
8
What is the greatest common divisor of 569858 and 10978?
998
What is the highest common factor of 340142 and 11?
11
Calculate the highest common factor of 1017 and 6003.
9
Calculate the greatest common factor of 4367 and 1837.
11
Calculate the highest common divisor of 660 and 71620.
20
Calculate the greatest common factor of 4527 and 288.
9
Calculate the highest common factor of 253 and 3212.
11
Calculate the highest common factor of 3248 and 43568.
112
What is the greatest common factor of 584 and 100?
4
What is the highest common divisor of 785 and 500?
5
What is the highest common divisor of 15 and 31170?
15
Calculate the highest common divisor of 16664 and 32.
8
What is the greatest common divisor of 111 and 839382?
111
What is the greatest common factor of 78 and 75621?
39
Calculate the highest common factor of 2138 and 54.
2
Calculate the greatest common factor of 30547 and 11.
11
Calculate the greatest common divisor of 848 and 329660.
212
What is the highest common divisor of 15620 and 660?
220
What is the highest common factor of 2463145 and 5?
5
What is the greatest common factor of 9928 and 3672?
136
What is the highest common factor of 12 and 169044?
12
Calculate the greatest common factor of 59 and 18054.
59
Calculate the highest common divisor of 390 and 739570.
130
Calculate the highest common divisor of 624 and 497744.
208
What is the greatest common divisor of 1512 and 62762?
14
What is the greatest common factor of 65 and 41691?
13
Calculate the greatest common divisor of 21409 and 13193.
79
What is the highest common factor of 474752 and 512?
128
Calculate the highest common divisor of 24 and 3465744.
24
Calculate the greatest common factor of 107956 and 4658.
274
What is the highest common divisor of 4053 and 14679?
21
What is the highest common divisor of 27 and 54477?
9
Calculate the highest common factor of 576 and 15296.
64
What is the highest common factor of 2889 and 1712?
107
Calculate the greatest common factor of 13820 and 6820.
20
What is the greatest common factor of 100 and 92200?
100
Calculate the highest common divisor of 280 and 1434104.
56
Calculate the greatest common divisor of 36 and 108516.
12
Calculate the greatest common divisor of 690 and 35742.
138
Calculate the greatest common factor of 39609 and 1701.
243
What is the highest common divisor of 4672 and 17228?
292
Calculate the greatest common factor of 423971 and 3223.
293
Calculate the greatest common factor of 510097 and 14.
7
Calculate the highest common factor of 221161 and 109.
109
What is the greatest common divisor of 1045 and 14795?
55
Calculate the greatest common factor of 140368 and 2108.
124
What is the highest common divisor of 35 and 7620445?
35
What is the highest common divisor of 174652 and 28?
4
What is the highest common divisor of 1386 and 223608?
462
What is the highest common divisor of 22188 and 3096?
516
Calculate the greatest common divisor of 88 and 6677.
11
Calculate the highest common divisor of 80 and 132495.
5
Calculate the greatest common divisor of 60 and 156820.
20
Calculate the greatest common divisor of 150 and 101175.
75
Calculate the highest common divisor of 17469 and 108.
27
What is the highest common divisor of 594 and 27126?
198
Calculate the greatest common divisor of 93 and 3782.
31
Calculate the highest common factor of 70679 and 2737.
161
Calculate the highest common divisor of 246085 and 3555.
395
Calculate the highest common factor of 99 and 26983.
11
Calculate the greatest common divisor of 6683 and 5248.
41
Calculate the greatest common factor of 546931 and 2.
1
What is the highest common divisor of 172 and 117734?
86
Calculate the highest common factor of 38082 and 44.
22
What is the highest common factor of 209270 and 2720?
170
Calculate the highest common factor of 5696085 and 6849.
2283
What is the greatest common factor of 2909097 and 9?
9
Calculate the greatest common factor of 12699 and 99.
9
What is the highest common divisor of 637 and 787087?
49
What is the greatest common divisor of 16604 and 448?
28
Calculate the greatest common divisor of 16448 and 44461.
257
Calculate the highest common factor of 8808 and 120.
24
What is the highest common divisor of 1343 and 391?
17
What is the highest common divisor of 3649 and 10413?
89
What is the greatest common divisor of 147 and 122059?
49
Calculate the highest common divisor of 146060 and 1742.
134
What is the greatest common factor of 98821 and 153?
17
Calculate the greatest common factor of 338 and 574366.
26
What is the highest common factor of 27534 and 1196?
26
Calculate the greatest common divisor of 6 and 550698.
6
Calculate the highest common factor of 22 and 8312458.
22
Calculate the greatest common factor of 50805 and 1215.
45
What is the highest common div